7, 59
What are the prime factors of 57018?
2, 3, 13, 17, 43
List the prime factors of 606.
2, 3, 101
List the prime factors of 8964.
2, 3, 83
List the prime factors of 19699.
19699
List the prime factors of 7167.
3, 2389
List the prime factors of 10119.
3, 3373
List the prime factors of 2624.
2, 41
What are the prime factors of 616?
2, 7, 11
What are the prime factors of 589?
19, 31
What are the prime factors of 2998?
2, 1499
What are the prime factors of 5095?
5, 1019
What are the prime factors of 144282?
2, 3, 139, 173
What are the prime factors of 65065?
5, 7, 11, 13
What are the prime factors of 8369?
8369
What are the prime factors of 69885?
3, 5, 1553
What are the prime factors of 732?
2, 3, 61
What are the prime factors of 19958?
2, 17, 587
List the prime factors of 14618.
2, 7309
What are the prime factors of 1067?
11, 97
List the prime factors of 777.
3, 7, 37
What are the prime factors of 887?
887
List the prime factors of 2173.
41, 53
List the prime factors of 329.
7, 47
List the prime factors of 15120.
2, 3, 5, 7
List the prime factors of 54.
2, 3
What are the prime factors of 35679?
3, 7, 1699
What are the prime factors of 9420?
2, 3, 5, 157
List the prime factors of 1598.
2, 17, 47
List the prime factors of 878.
2, 439
What are the prime factors of 155608?
2, 53, 367
What are the prime factors of 48971?
13, 3767
List the prime factors of 1708.
2, 7, 61
List the prime factors of 95.
5, 19
What are the prime factors of 10535?
5, 7, 43
List the prime factors of 25960.
2, 5, 11, 59
What are the prime factors of 38064?
2, 3, 13, 61
What are the prime factors of 108129?
3, 7, 19, 271
What are the prime factors of 12?
2, 3
What are the prime factors of 1138?
2, 569
List the prime factors of 51614.
2, 131, 197
List the prime factors of 649.
11, 59
What are the prime factors of 108644?
2, 157, 173
What are the prime factors of 2217?
3, 739
What are the prime factors of 4719?
3, 11, 13
What are the prime factors of 51498?
2, 3, 2861
What are the prime factors of 68394?
2, 3, 11399
List the prime factors of 13645.
5, 2729
What are the prime factors of 39206?
2, 19603
What are the prime factors of 76697?
76697
What are the prime factors of 1283?
1283
What are the prime factors of 16761?
3, 37, 151
List the prime factors of 1211.
7, 173
List the prime factors of 96193.
29, 31, 107
List the prime factors of 3034.
2, 37, 41
What are the prime factors of 2488?
2, 311
What are the prime factors of 1325?
5, 53
What are the prime factors of 1478?
2, 739
What are the prime factors of 791?
7, 113
List the prime factors of 2320.
2, 5, 29
What are the prime factors of 37925?
5, 37, 41
List the prime factors of 2476.
2, 619
What are the prime factors of 11929?
79, 151
List the prime factors of 2296.
2, 7, 41
What are the prime factors of 10368?
2, 3
What are the prime factors of 908?
2, 227
List the prime factors of 87548.
2, 43, 509
What are the prime factors of 127584?
2, 3, 443
What are the prime factors of 2654?
2, 1327
What are the prime factors of 5642?
2, 7, 13, 31
List the prime factors of 2968.
2, 7, 53
List the prime factors of 147732.
2, 3, 13, 947
List the prime factors of 27315.
3, 5, 607
List the prime factors of 11211.
3, 37, 101
List the prime factors of 729.
3
What are the prime factors of 27517?
7, 3931
What are the prime factors of 11647?
19, 613
List the prime factors of 10026.
2, 3, 557
List the prime factors of 372.
2, 3, 31
What are the prime factors of 35901?
3, 3989
List the prime factors of 859.
859
List the prime factors of 940.
2, 5, 47
What are the prime factors of 1798?
2, 29, 31
List the prime factors of 18539.
18539
List the prime factors of 6267.
3, 2089
What are the prime factors of 1236?
2, 3, 103
List the prime factors of 27020.
2, 5, 7, 193
List the prime factors of 35103.
3, 11701
What are the prime factors of 34342?
2, 7, 11, 223
List the prime factors of 10086.
2, 3, 41
What are the prime factors of 28937?
19, 1523
What are the prime factors of 3063?
3, 1021
List the prime factors of 1912.
2, 239
What are the prime factors of 197?
197
What are the prime factors of 4996?
2, 1249
List the prime factors of 3658.
2, 31, 59
What are the prime factors of 11674?
2, 13, 449
What are the prime factors of 1527?
3, 509
List the prime factors of 1220.
2, 5, 61
What are the prime factors of 1255?
5, 251
What are the prime factors of 204411?
3, 61, 1117
List the prime factors of 2308.
2, 577
List the prime factors of 1092.
2, 3, 7, 13
What are the prime factors of 657?
3, 73
List the prime factors of 10979.
10979
What are the prime factors of 1430?
2, 5, 11, 13
What are the prime factors of 21905?
5, 13, 337
List the prime factors of 64854.
2, 3, 1201
What are the prime factors of 415?
5, 83
What are the prime factors of 90464?
2, 11, 257
What are the prime factors of 1718?
2, 859
List the prime factors of 11167.
13, 859
List the prime factors of 5207.
41, 127
List the prime factors of 5408.
2, 13
What are the prime factors of 1100?
2, 5, 11
List the prime factors of 91380.
2, 3, 5, 1523
What are the prime factors of 864?
2, 3
List the prime factors of 2162.
2, 23, 47
List the prime factors of 1247.
29, 43
List the prime factors of 14175.
3, 5, 7
List the prime factors of 24924.
2, 3, 31, 67
List the prime factors of 495.
3, 5, 11
What are the prime factors of 34735?
5, 6947
What are the prime factors of 12330?
2, 3, 5, 137
List the prime factors of 7685.
5, 29, 53
List the prime factors of 51880.
2, 5, 1297
What are the prime factors of 813?
3, 271
What are the prime factors of 105674?
2, 52837
List the prime factors of 28454.
2, 41, 347
What are the prime factors of 23023?
7, 11, 13, 23
What are the prime factors of 1584?
2, 3, 11
What are the prime factors of 3774?
2, 3, 17, 37
List the prime factors of 320.
2, 5
List the prime factors of 1502.
2, 751
List the prime factors of 27927.
3, 29, 107
List the prime factors of 11342.
2, 53, 107
What are the prime factors of 507?
3, 13
List the prime factors of 2520.
2, 3, 5, 7
What are the prime factors of 78661?
11, 7151
List the prime factors of 3023.
3023
What are the prime factors of 89?
89
List the prime factors of 2364.
2, 3, 197
List the prime factors of 3995.
5, 17, 47
What are the prime factors of 2718?
2, 3, 151
List the prime factors of 57562.
2, 17, 1693
List the prime factors of 13998.
2, 3, 2333
List the prime factors of 2273.
2273
List the prime factors of 3602.
2, 1801
List the prime factors of 4647.
3, 1549
List the prime factors of 9699.
3, 53, 61
What are the prime factors of 19283?
11, 1753
What are the prime factors of 3807?
3, 47
What are the prime factors of 8979?
3, 41, 73
What are the prime factors of 16285?
5, 3257
What are the prime factors of 241?
241
What are the prime factors of 160?
2, 5
What are the prime factors of 8316?
2, 3, 7, 11
What are the prime factors of 930?
2, 3, 5, 31
List the prime factors of 9532.
2, 2383
What are the prime factors of 242?
2, 11
What are the prime factors of 27408?
2, 3, 571
List the prime factors of 83634.
2, 3, 53, 263
List the prime factors of 198.
2, 3, 11
List the prime factors of 27449.
27449
What are the prime factors of 44292?
2, 3, 3691
List the prime factors of 340.
2, 5, 17
List the prime factors of 1207.
17, 71
What are the prime factors of 2341?
2341
What are the prime factors of 1697?
1697
What are the prime factors of 88?
2, 11
What are the prime factors of 4789?
4789
What are the prime factors of 6551?
6551
List the prime factors of 2808.
2, 3, 13
List the prime factors of 443.
443
List the prime factors of 2611.
7, 373
What are the prime factors of 66809?
66809
List the prime factors of 206.
2, 103
List the prime factors of 8841.
3, 7, 421
What are the prime factors of 4781?
7, 683
List the prime factors of 2.
2
List the prime factors of 11530.
2, 5, 1153
List the prime factors of 2773.
47, 59
What are the prime factors of 36648?
2, 3, 509
What are the prime factors of 451?
11, 41
What are the prime factors of 1345?
5, 269
List the prime factors of 26685.
3, 5, 593
What are the prime factors of 3824?
2, 239
List the prime factors of 6004.
2, 19, 79
What are the prime factors of 1549?
1549
List the prime factors of 1636.
2, 409
List the prime factors of 18067.
7, 29, 89
What are the prime factors of